{"id":91,"date":"2025-01-15T08:13:35","date_gmt":"2025-01-15T11:13:35","guid":{"rendered":"https:\/\/otrutario.com.br\/cardapio\/?page_id=91"},"modified":"2025-01-17T04:32:22","modified_gmt":"2025-01-17T07:32:22","slug":"o-trutario-cardapio","status":"publish","type":"page","link":"https:\/\/otrutario.com.br\/cardapio\/","title":{"rendered":"O Trut\u00e1rio &#8211; Card\u00e1pio"},"content":{"rendered":"\t\t<div data-elementor-type=\"wp-page\" data-elementor-id=\"91\" class=\"elementor elementor-91\">\n\t\t\t\t<div class=\"elementor-element elementor-element-cac1524 e-flex e-con-boxed e-con e-parent\" data-id=\"cac1524\" data-element_type=\"container\">\n\t\t\t\t\t<div class=\"e-con-inner\">\n\t\t\t\t<div class=\"elementor-element elementor-element-60dcdd8 elementor-widget elementor-widget-heading\" data-id=\"60dcdd8\" data-element_type=\"widget\" data-widget_type=\"heading.default\">\n\t\t\t\t\t<h2 class=\"elementor-heading-title elementor-size-default\"><a href=\"http:\/\/card\u00e1pio\">Entrada<\/a><\/h2>\t\t\t\t<\/div>\n\t\t\t\t<div class=\"elementor-element elementor-element-400fa4a elementor-widget elementor-widget-heading\" data-id=\"400fa4a\" data-element_type=\"widget\" id=\"salad\" data-widget_type=\"heading.default\">\n\t\t\t\t\t<h2 class=\"elementor-heading-title elementor-size-default\"><a href=\"http:\/\/card\u00e1pio\">Saladas<\/a><\/h2>\t\t\t\t<\/div>\n\t\t\t\t<div class=\"elementor-element elementor-element-a6288fa elementor-widget elementor-widget-heading\" data-id=\"a6288fa\" data-element_type=\"widget\" data-widget_type=\"heading.default\">\n\t\t\t\t\t<h2 class=\"elementor-heading-title elementor-size-default\"><a href=\"http:\/\/card\u00e1pio\">Caldos<\/a><\/h2>\t\t\t\t<\/div>\n\t\t\t\t<div class=\"elementor-element elementor-element-4627a10 elementor-widget elementor-widget-heading\" data-id=\"4627a10\" data-element_type=\"widget\" data-widget_type=\"heading.default\">\n\t\t\t\t\t<h2 class=\"elementor-heading-title elementor-size-default\">Servidos na panhota, gratinados com parmes\u00e3o:<\/h2>\t\t\t\t<\/div>\n\t\t\t\t<div class=\"elementor-element elementor-element-58203b6 elementor-widget elementor-widget-heading\" data-id=\"58203b6\" data-element_type=\"widget\" data-widget_type=\"heading.default\">\n\t\t\t\t\t<h2 class=\"elementor-heading-title elementor-size-default\"><a href=\"http:\/\/card\u00e1pio\">Risotos e Massas<\/a><\/h2>\t\t\t\t<\/div>\n\t\t\t\t<div class=\"elementor-element elementor-element-c10d9f3 elementor-widget elementor-widget-heading\" data-id=\"c10d9f3\" data-element_type=\"widget\" id=\"carn\" data-widget_type=\"heading.default\">\n\t\t\t\t\t<h2 class=\"elementor-heading-title elementor-size-default\"><a href=\"http:\/\/card\u00e1pio\">Carnes<\/a><\/h2>\t\t\t\t<\/div>\n\t\t\t\t<div class=\"elementor-element elementor-element-e08078f elementor-widget elementor-widget-heading\" data-id=\"e08078f\" data-element_type=\"widget\" data-widget_type=\"heading.default\">\n\t\t\t\t\t<h2 class=\"elementor-heading-title elementor-size-default\"><a href=\"http:\/\/card\u00e1pio\">Prato Kid's<\/a><\/h2>\t\t\t\t<\/div>\n\t\t\t\t<div class=\"elementor-element elementor-element-23312ba elementor-widget elementor-widget-heading\" data-id=\"23312ba\" data-element_type=\"widget\" data-widget_type=\"heading.default\">\n\t\t\t\t\t<h2 class=\"elementor-heading-title elementor-size-default\">Apenas para crian\u00e7as:<\/h2>\t\t\t\t<\/div>\n\t\t\t\t<div class=\"elementor-element elementor-element-f914414 elementor-widget elementor-widget-heading\" data-id=\"f914414\" data-element_type=\"widget\" id=\"trut\" data-widget_type=\"heading.default\">\n\t\t\t\t\t<h2 class=\"elementor-heading-title elementor-size-default\"><a href=\"http:\/\/card\u00e1pio\">TRUTAS<br>INDIVIDUAIS<\/a><\/h2>\t\t\t\t<\/div>\n\t\t\t\t<div class=\"elementor-element elementor-element-c3c69c9 elementor-widget elementor-widget-heading\" data-id=\"c3c69c9\" data-element_type=\"widget\" data-widget_type=\"heading.default\">\n\t\t\t\t\t<h2 class=\"elementor-heading-title elementor-size-default\">Todos os pratos de truta acompanham arroz branco, batata saut\u00e9, farofa r\u00fastica e pir\u00e3o de truta.<br>Peso aproximando da truta de 250grs.<\/h2>\t\t\t\t<\/div>\n\t\t\t\t<div class=\"elementor-element elementor-element-8ca1e9d elementor-widget elementor-widget-heading\" data-id=\"8ca1e9d\" data-element_type=\"widget\" data-widget_type=\"heading.default\">\n\t\t\t\t\t<h2 class=\"elementor-heading-title elementor-size-default\"><a href=\"http:\/\/card\u00e1pio\">Por\u00e7\u00f5es<\/a><\/h2>\t\t\t\t<\/div>\n\t\t\t\t<div class=\"elementor-element elementor-element-7ce103b elementor-widget elementor-widget-heading\" data-id=\"7ce103b\" data-element_type=\"widget\" id=\"bebid\" data-widget_type=\"heading.default\">\n\t\t\t\t\t<h2 class=\"elementor-heading-title elementor-size-default\"><a href=\"http:\/\/card\u00e1pio\">BEBIDAS<\/a><\/h2>\t\t\t\t<\/div>\n\t\t\t\t<div class=\"elementor-element elementor-element-4cb09c8 elementor-widget elementor-widget-heading\" data-id=\"4cb09c8\" data-element_type=\"widget\" data-widget_type=\"heading.default\">\n\t\t\t\t\t<h2 class=\"elementor-heading-title elementor-size-default\"><a href=\"http:\/\/card\u00e1pio\">Cervejas<\/a><\/h2>\t\t\t\t<\/div>\n\t\t\t\t<div class=\"elementor-element elementor-element-eb385d7 elementor-widget elementor-widget-heading\" data-id=\"eb385d7\" data-element_type=\"widget\" data-widget_type=\"heading.default\">\n\t\t\t\t\t<h2 class=\"elementor-heading-title elementor-size-default\"><a href=\"http:\/\/card\u00e1pio\">Vinhos<\/a><\/h2>\t\t\t\t<\/div>\n\t\t\t\t<div class=\"elementor-element elementor-element-25c53db elementor-widget elementor-widget-heading\" data-id=\"25c53db\" data-element_type=\"widget\" data-widget_type=\"heading.default\">\n\t\t\t\t\t<h2 class=\"elementor-heading-title elementor-size-default\">Consulte nossa carta de vinhos.<\/h2>\t\t\t\t<\/div>\n\t\t\t\t<div class=\"elementor-element elementor-element-1cfaaa6 elementor-widget elementor-widget-heading\" data-id=\"1cfaaa6\" data-element_type=\"widget\" data-widget_type=\"heading.default\">\n\t\t\t\t\t<h2 class=\"elementor-heading-title elementor-size-default\"><a href=\"http:\/\/card\u00e1pio\">Doses<\/a><\/h2>\t\t\t\t<\/div>\n\t\t\t\t<div class=\"elementor-element elementor-element-176e45e elementor-widget elementor-widget-heading\" data-id=\"176e45e\" data-element_type=\"widget\" data-widget_type=\"heading.default\">\n\t\t\t\t\t<h2 class=\"elementor-heading-title elementor-size-default\"><a href=\"http:\/\/card\u00e1pio\">Drink's<\/a><\/h2>\t\t\t\t<\/div>\n\t\t\t\t<div class=\"elementor-element elementor-element-9783391 elementor-widget elementor-widget-heading\" data-id=\"9783391\" data-element_type=\"widget\" data-widget_type=\"heading.default\">\n\t\t\t\t\t<h2 class=\"elementor-heading-title elementor-size-default\"><a href=\"http:\/\/card\u00e1pio\">Sobremesas<\/a><\/h2>\t\t\t\t<\/div>\n\t\t\t\t\t<\/div>\n\t\t\t\t<\/div>\n\t\t\t\t<\/div>\n\t\t","protected":false},"excerpt":{"rendered":"<p>Entrada Saladas Caldos Servidos na panhota, gratinados com parmes\u00e3o: Risotos e Massas Carnes Prato Kid&#8217;s Apenas para crian\u00e7as: TRUTASINDIVIDUAIS Todos os pratos de truta acompanham arroz branco, batata saut\u00e9, farofa r\u00fastica e pir\u00e3o de truta.Peso aproximando da truta de 250grs. Por\u00e7\u00f5es BEBIDAS Cervejas Vinhos Consulte nossa carta de vinhos. Doses Drink&#8217;s Sobremesas<\/p>\n","protected":false},"author":1,"featured_media":94,"parent":0,"menu_order":0,"comment_status":"closed","ping_status":"closed","template":"page-templates\/template-pagebuilder-full-width.php","meta":{"footnotes":""},"class_list":["post-91","page","type-page","status-publish","has-post-thumbnail","hentry"],"_links":{"self":[{"href":"https:\/\/otrutario.com.br\/cardapio\/wp-json\/wp\/v2\/pages\/91","targetHints":{"allow":["GET"]}}],"collection":[{"href":"https:\/\/otrutario.com.br\/cardapio\/wp-json\/wp\/v2\/pages"}],"about":[{"href":"https:\/\/otrutario.com.br\/cardapio\/wp-json\/wp\/v2\/types\/page"}],"author":[{"embeddable":true,"href":"https:\/\/otrutario.com.br\/cardapio\/wp-json\/wp\/v2\/users\/1"}],"replies":[{"embeddable":true,"href":"https:\/\/otrutario.com.br\/cardapio\/wp-json\/wp\/v2\/comments?post=91"}],"version-history":[{"count":0,"href":"https:\/\/otrutario.com.br\/cardapio\/wp-json\/wp\/v2\/pages\/91\/revisions"}],"wp:featuredmedia":[{"embeddable":true,"href":"https:\/\/otrutario.com.br\/cardapio\/wp-json\/wp\/v2\/media\/94"}],"wp:attachment":[{"href":"https:\/\/otrutario.com.br\/cardapio\/wp-json\/wp\/v2\/media?parent=91"}],"curies":[{"name":"wp","href":"https:\/\/api.w.org\/{rel}","templated":true}]}}